{"id":3269,"date":"2023-10-27T11:40:25","date_gmt":"2023-10-27T09:40:25","guid":{"rendered":"https:\/\/reyrosa.es\/shop\/?page_id=3269"},"modified":"2023-11-07T13:35:50","modified_gmt":"2023-11-07T12:35:50","slug":"politica-de-cookies","status":"publish","type":"page","link":"https:\/\/reyrosa.es\/shop\/politica-de-cookies\/","title":{"rendered":"Pol\u00edtica de cookies"},"content":{"rendered":"<div class=\"wpb-content-wrapper\"><p>[vc_row full_width=\u00bbstretch_row_content_no_spaces\u00bb no_padding=\u00bbyes\u00bb equal_height=\u00bbyes\u00bb content_placement=\u00bbmiddle\u00bb is_section=\u00bbyes\u00bb section_skin=\u00bbparallax\u00bb remove_border=\u00bbyes\u00bb conditional_render=\u00bb%5B%7B%22value_role%22%3A%22administrator%22%7D%5D\u00bb css=\u00bb.vc_custom_1699358844553{margin-top: 0px !important;margin-bottom: 0px !important;padding-top: 100px !important;padding-bottom: 100px !important;padding-left: 40px !important;background-image: url(https:\/\/reyrosa.es\/shop\/wp-content\/uploads\/2023\/11\/reyrosa-banner.jpg?id=3443) !important;background-position: center !important;background-repeat: no-repeat !important;background-size: cover !important;}\u00bb][vc_column css=\u00bb.vc_custom_1699358881674{margin-top: 0px !important;margin-bottom: 0px !important;padding-top: 0px !important;padding-bottom: 0px !important;}\u00bb conditional_render=\u00bb%5B%7B%22value_role%22%3A%22administrator%22%7D%5D\u00bb][vc_column_text]<\/p>\n<h2 style=\"text-align: center;\"><span style=\"color: #ffffff;\">POL\u00cdTICA DE COOKIES<\/span><\/h2>\n<p>[\/vc_column_text][\/vc_column][\/vc_row][vc_row][vc_column][vc_column_text]El sitio web <span style=\"font-size: 18px;\"><strong><span style=\"font-family: theseasons-reg;\">www.reyrosa.es<\/span><\/strong><\/span> tiene la obligaci\u00f3n por el Real Decreto-ley 13\/2012 que modifica la Ley 34\/2002, de 11 de julio, de servicios de la sociedad de la informaci\u00f3n y de comercio electr\u00f3nico, de informar y obtener el consentimiento del ciudadano acerca del uso de las cookies en sus p\u00e1ginas web.<\/p>\n<p>Las cookies son archivos que se pueden descargar en su equipo a trav\u00e9s de las p\u00e1ginas web. Son herramientas que tienen un papel esencial para la prestaci\u00f3n de numerosos servicios de la sociedad de la informaci\u00f3n. Entre otros, permiten a una p\u00e1gina web almacenar y recuperar informaci\u00f3n sobre los h\u00e1bitos de navegaci\u00f3n de un usuario o de su equipo y, dependiendo de la informaci\u00f3n obtenida, se pueden utilizar para reconocer al usuario y mejorar el servicio ofrecido.<\/p>\n<p>&nbsp;<\/p>\n<p><strong>Tipos de Cookies<\/strong><\/p>\n<p>Seg\u00fan quien sea la entidad que gestione el dominio desde donde se env\u00edan las cookies y trate los datos que se obtengan se pueden distinguir dos tipos:\u00a0<b>cookies propias y cookies de terceros.<\/b><\/p>\n<p>Existe tambi\u00e9n una segunda clasificaci\u00f3n seg\u00fan el plazo de tiempo que permanecen almacenadas en el navegador del cliente, pudiendo tratarse de\u00a0<b>cookies de sesi\u00f3n o cookies persistentes.<\/b><\/p>\n<p>Por \u00faltimo, existe otra clasificaci\u00f3n con cinco tipos de cookies seg\u00fan la finalidad para la que se traten los datos obtenidos:\u00a0<b>cookies t\u00e9cnicas, cookies de personalizaci\u00f3n, cookies de an\u00e1lisis, cookies publicitarias y cookies de publicidad comportamental.<\/b><\/p>\n<p>&nbsp;<\/p>\n<p><strong>Cookies utilizadas en la web<\/strong><\/p>\n<p>A continuaci\u00f3n se identifican las cookies que est\u00e1n siendo utilizadas en este portal as\u00ed como su tipolog\u00eda y funci\u00f3n:<\/p>\n<p>La p\u00e1gina web utiliza Google Analytics , un servicio de anal\u00edtica web desarrollada por Google, que permite la medici\u00f3n y an\u00e1lisis de la navegaci\u00f3n en las p\u00e1ginas web.<\/p>\n<p>&nbsp;<\/p>\n<p><b>Aceptaci\u00f3n de la Pol\u00edtica de cookies<\/b><\/p>\n<p>El portal, con el objeto de dar cumplimiento a la citada normativa, muestra informaci\u00f3n sobre su Pol\u00edtica de cookies en la parte inferior de cualquier p\u00e1gina del portal con cada inicio de sesi\u00f3n.<\/p>\n<p>Ante esta informaci\u00f3n es posible llevar a cabo la siguiente acci\u00f3n:<\/p>\n<p><b>Aceptar.<\/b>\u00a0No se volver\u00e1 a visualizar este aviso al acceder a cualquier p\u00e1gina del portal durante la presente sesi\u00f3n.<\/p>\n<p>Si navega a trav\u00e9s del portal a\u00fan no habiendo ocultado el mensaje, da claro su consentimiento que quiere seguir con el servicio que se ofrece en dicho portal y de la instalaci\u00f3n de dichas cookies.<\/p>\n<p>&nbsp;<\/p>\n<p><b>C\u00f3mo modificar la configuraci\u00f3n de las cookies<\/b><\/p>\n<p>Usted puede restringir, bloquear o borrar las cookies de este portal o cualquier otra p\u00e1gina web, utilizando su navegador. En cada navegador la operativa diferente, la funci\u00f3n de \u2018Ayuda\u00bb le mostrar\u00e1 c\u00f3mo hacerlo.<\/p>\n<ul>\n<li><b>Internet Explorer:<\/b>\u00a0windows.microsoft.com\/es-xl\/internet-explorer\/delete-manage-cookies#ie=\u00bbie-10\u2033<\/li>\n<li><b>FireFox:<\/b>\u00a0support.mozilla.org\/es\/kb\/Borrar%20cookies<\/li>\n<li><b>Chrome<\/b>\u00a0support.google.com\/chrome\/answer\/95647?hl=\u00bbes\u00bb<\/li>\n<li><b>Safari<\/b>\u00a0www.apple.com\/es\/privacy\/use-of-cookies\/<\/li>\n<\/ul>\n<p>[\/vc_column_text][\/vc_column][\/vc_row]<\/p>\n<\/div>","protected":false},"excerpt":{"rendered":"<p>[vc_row full_width=\u00bbstretch_row_content_no_spaces\u00bb no_padding=\u00bbyes\u00bb equal_height=\u00bbyes\u00bb content_placement=\u00bbmiddle\u00bb is_section=\u00bbyes\u00bb section_skin=\u00bbparallax\u00bb remove_border=\u00bbyes\u00bb conditional_render=\u00bb%5B%7B%22value_role%22%3A%22administrator%22%7D%5D\u00bb css=\u00bb.vc_custom_1699358844553{margin-top: 0px !important;margin-bottom: 0px !important;padding-top: 100px !important;padding-bottom: 100px !important;padding-left: 40px !important;background-image: url(https:\/\/reyrosa.es\/shop\/wp-content\/uploads\/2023\/11\/reyrosa-banner.jpg?id=3443) !important;background-position: center !important;background-repeat: no-repeat !important;background-size: cover !important;}\u00bb][vc_column css=\u00bb.vc_custom_1699358881674{margin-top: 0px !important;margin-bottom: 0px !important;padding-top: 0px !important;padding-bottom: 0px !important;}\u00bb conditional_render=\u00bb%5B%7B%22value_role%22%3A%22administrator%22%7D%5D\u00bb][vc_column_text] POL\u00cdTICA DE COOKIES [\/vc_column_text][\/vc_column][\/vc_row][vc_row][vc_column][vc_column_text]El sitio web www.reyrosa.es tiene la obligaci\u00f3n por el Real Decreto-ley 13\/2012 que modifica la Ley 34\/2002, de 11 de julio, de servicios de la sociedad de la informaci\u00f3n y de comercio electr\u00f3nico, de informar y obtener el consentimiento del ciudadano acerca del uso de las cookies en sus p\u00e1ginas web. Las cookies son archivos que se pueden descargar en su equipo a trav\u00e9s de las p\u00e1ginas web. Son herramientas que tienen un papel esencial para la prestaci\u00f3n de numerosos servicios de la sociedad de la informaci\u00f3n. Entre otros, permiten a una p\u00e1gina web almacenar y recuperar informaci\u00f3n sobre los h\u00e1bitos de navegaci\u00f3n de un usuario o de su equipo y, dependiendo de la informaci\u00f3n obtenida, se pueden utilizar para reconocer al usuario y mejorar el servicio ofrecido. &nbsp; Tipos de Cookies Seg\u00fan quien sea la entidad que gestione el dominio desde donde se env\u00edan las cookies y trate los datos que se obtengan se pueden distinguir dos tipos:\u00a0cookies [&hellip;]<\/p>\n","protected":false},"author":1,"featured_media":0,"parent":0,"menu_order":0,"comment_status":"closed","ping_status":"open","template":"","meta":{"footnotes":""},"acf":[],"_links":{"self":[{"href":"https:\/\/reyrosa.es\/shop\/wp-json\/wp\/v2\/pages\/3269"}],"collection":[{"href":"https:\/\/reyrosa.es\/shop\/wp-json\/wp\/v2\/pages"}],"about":[{"href":"https:\/\/reyrosa.es\/shop\/wp-json\/wp\/v2\/types\/page"}],"author":[{"embeddable":true,"href":"https:\/\/reyrosa.es\/shop\/wp-json\/wp\/v2\/users\/1"}],"replies":[{"embeddable":true,"href":"https:\/\/reyrosa.es\/shop\/wp-json\/wp\/v2\/comments?post=3269"}],"version-history":[{"count":5,"href":"https:\/\/reyrosa.es\/shop\/wp-json\/wp\/v2\/pages\/3269\/revisions"}],"predecessor-version":[{"id":3456,"href":"https:\/\/reyrosa.es\/shop\/wp-json\/wp\/v2\/pages\/3269\/revisions\/3456"}],"wp:attachment":[{"href":"https:\/\/reyrosa.es\/shop\/wp-json\/wp\/v2\/media?parent=3269"}],"curies":[{"name":"wp","href":"https:\/\/api.w.org\/{rel}","templated":true}]}}